7*m = -5*a + 2225. Is a composite?
False
Let u = 192 - 2. Suppose 2*a = 4*a - u. Is a prime?
False
Let w(g) = -g - 2. Let y be w(-4). Is (y/(-4) + 1)*934 composite?
False
Let x(n) = -31*n. Let z be (25/(-20))/((-1)/(-4)). Is x(z) prime?
False
Let w be 13 - (-3)/3*-1. Suppose w = 5*k - k. Suppose 0 = 5*i + 2*v - 0*v - 174, 0 = i - k*v - 28. Is i composite?
True
Let l(k) = 79*k - 1 + 3 - 2. Let z be (1/(-3))/(1/(-3)). Is l(z) composite?
False
Is 2*1228/16*2 a prime number?
True
Suppose 2*m - 11 = -5*k, 4*k = -m + 3 + 10. Let j = m - -9. Suppose -291 = -3*w - j*i, 0*w + 2*w + 2*i = 194. Is w a composite number?
False
Suppose r = 3*p - 3*r - 1183, 0 = -4*p + r + 1586. Is p prime?
True
Let g = -6 + 7. Let a = g - -3. Is (a/(-6))/(2/(-33)) composite?
False
Let v(b) = -130*b**3 - b**2 - b - 1. Let m be v(-1). Suppose l + d = -2*d + m, 4*l - 4*d = 436. Suppose -4*i + l = 2*t, -2*t = -6*i + i - 123. Is t composite?
False
Suppose 3*s + 11 = -u, 2*u + s = -2 - 5. Let r be (u - -8)/((-3)/(-2)). Suppose -844 = -0*m - r*m. Is m composite?
False
Let c(t) = -5*t - 6. Let j(u) = 4*u + 6. Let d(q) = 5*c(q) + 6*j(q). Let b be d(5). Is 3*(b - (-336)/9) prime?
False
Let d = 4960 - 2861. Is d prime?
True
Let h = 526 - -147. Is h a prime number?
True
Is (-1)/(1/(-5) - (-10458)/52365) a prime number?
True
Let s(c) = -c**3 - 6*c**2 + c + 1. Let i be s(-6). Let p = -1 - i. Suppose -1 = p*y - 53. Is y composite?
False
Suppose 0 = -2*y - y + 294. Let c(j) = 4*j - 21. Let u be c(5). Is ((-1)/2)/(u/y) a composite number?
True
Let c(x) = -10*x**3 + x**2 - 3*x - 1. Let z be ((-12)/9)/((-4)/(-6)). Is c(z) prime?
True
Is (4 - (-6)/(-2))*321 a prime number?
False
Let l = 25 + -37. Is ((-69)/(-9))/((-2)/l) composite?
True
Let l(y) = 2*y. Let k be l(2). Let i(q) = -5 + 2*q**2 - 53*q**3 - q**2 + k. Is i(-1) composite?
False
Let c = 1682 + -1009. Is c a composite number?
False
Suppose u = 5*m + 931, 3*u + 405 - 3242 = 4*m. Is u composite?
True
Let g(a) = a**3 - 7*a**2 + 8*a - 9. Let b be g(6). Suppose o + 3*o + 3*k - 499 = 0, 3*k = b*o - 348. Is o prime?
False
Let q(l) = -185*l**3 - 2*l**2 - l + 1. Let x be q(-2). Suppose -4*m = -9*m + x. Is m prime?
False
Let d = 14 + 195. Is d a composite number?
True
Let y(w) be the second derivative of 7*w**3/6 - 5*w**2/2 + 3*w. Let q(h) = -6*h + 4. Let r(t) = 4*q(t) + 3*y(t). Is r(-6) prime?
True
Suppose -2*z + 25 - 123 = 0. Let m = 28 - z. Is m a composite number?
True
Let i(l) = 47*l**2 + 3*l - 3. Suppose -4*d + 10 = j - 2, -5*j = -4*d - 12. Is i(d) composite?
False
Suppose 2*i - 8 = -2*i. Suppose -l - i*l = -57. Is l prime?
True
Let b(r) = 34*r**2 - 4*r + 11. Is b(8) a composite number?
True
Suppose -4*b + 11092 = 4*h, 2*h - 13893 = -3*h + 2*b. Is h composite?
False
Suppose 3762 = 4*x + 2*r - 7056, 0 = -4*r - 20. Is x a prime number?
True
Suppose 3*s - 164 = -3*a + a, 3*s - 176 = 4*a. Let y = -31 + s. Suppose 5*w - l + 0*l - 117 = 0, y = w - l. Is w a composite number?
False
Suppose 0 = 4*z + 233 - 2561. Suppose f = 4*f + w - 352, 4*w = -5*f + z. Is f a composite number?
True
Let v be 3/12 + 70/8. Let x be v/6*(-8)/(-3). Is 135/4 - (-1)/x a composite number?
True
Let g(f) = f**2 - f + 1. Let x be g(2). Suppose 5*p - x*p - 326 = 0. Is p a prime number?
True
Suppose -61 = -3*o + 125. Let x = o + -25. Is x a composite number?
False
Is (3342/(-12))/((-1)/2) prime?
True
Suppose 0*v - 3*v + 15 = 0. Suppose 3*k - u = 1332, -4*k = v*u - 0*u - 1795. Suppose 6*w - k = w. Is w composite?
False
Let w(q) = q**3 - 8*q**2 + 2*q - 7. Let t(k) = -k**3 + 6*k**2 - 3*k - 2. Let g be t(4). Let x be 74/9 - 4/g. Is w(x) composite?
True
Let c(r) = 4*r**2 - 1. Let d(v) = v**2. Let q(s) = -2*c(s) + 7*d(s). Let x be q(0). Suppose x*m = -7*y + 3*y + 92, 0 = 3*y - 5*m - 69. Is y a prime number?
True
Suppose 0 = 82*x - 84*x + 3274. Is x composite?
False
Is (-2232)/(-10) - 1/5 prime?
True
Let l = 609 + 1376. Is l a prime number?
False
Let b = 10 - 13. Let x(t) = -8*t - 3. Is x(b) a composite number?
True
Let a(j) = -j**2 - 3*j. Let z be a(-2). Suppose p + 4*m = 24, p = m - 3 + z. Is p prime?
False
Let r = 12 + -7. Suppose 5*h - 176 - 261 = -t, 0 = r*h - 2*t - 431. Is h composite?
True
Let g = 4 - 4. Suppose 3*k + 3 - 30 = g. Is 1 + 4*k/2 prime?
True
Let p(o) = 100*o - 35. Is p(15) a prime number?
False
Suppose -2*p = 3*a - 11, a - 5 = 2*p + 4. Let v be 1/p + 22/4. Suppose -5*f + 715 = -0*f + v*k, 139 = f + 3*k. Is f composite?
True
Is (-1 - -2)/(2/2302) prime?
True
Suppose -11*u = -12*u + 1229. Is u composite?
False
Suppose -4*i + 2981 = 613. Suppose 5*g - i = g. Suppose -4*c + 251 = 3*w + 2*w, 2*c = 2*w + g. Is c a composite number?
True
Let j(b) = -11*b - 6. Let a(w) = w**3 + 5*w**2 + 5*w - 1. Let m be a(-4). Is j(m) a composite number?
True
Let r(y) = -y**3 - 7*y**2 - 7*y - 4. Let h be r(-6). Suppose -3*k = h*k - 965. Let x = k + -116. Is x a prime number?
False
Let h(s) = s - 7. Let o be h(7). Suppose o*r + 111 = 3*r. Is r composite?
False
Let g(f) = f + 2. Let b = 1 - -1. Let a be g(b). Suppose -a*t - 3*x + 104 = 0, -49 = -2*t + x - 7. Is t a prime number?
True
Let u be ((-12)/(-9))/((-1)/3). Is (-2)/u - 1896/(-16) composite?
True
Let d be 4/(32/(-4964))*-2. Suppose -2079 = -3*p - 2*p + 4*a, 4*a = -3*p + d. Is p a prime number?
False
Suppose s = 5 + 4. Is s prime?
False
Let r = 1 + 1. Suppose 3*x - 4*v - 380 = -x, -4*x + r*v + 380 = 0. Suppose i + x = 6*i. Is i a prime number?
True
Is (-1)/(-3) + (-660)/(-45) prime?
False
Let s(x) = -3*x**2 + 5*x**2 + 3*x - 3*x**2 + 8. Let z be s(6). Let n = 17 + z. Is n prime?
True
Let q = 613 + -390. Is q a composite number?
False
Let i(k) = 542*k**2 - k. Is i(1) a prime number?
True
Let n(z) = -137*z - 10. Let i(w) = -205*w - 15. Let m(k) = 5*i(k) - 7*n(k). Is m(-2) composite?
False
Let g(z) = 2*z**2 + 5*z - 1. Let o be g(-6). Suppose -s + 56 + o = 0. Is s prime?
True
Suppose f = 5*f - 1780. Is f a prime number?
False
Suppose -5*m + 14409 = 4*m. Is m prime?
True
Let p = 10546 + -4797. Is p a prime number?
True
Let c(i) = 197*i + 2. Let p = 13 - 12. Is c(p) composite?
False
Suppose 0 = 4*z - 204 - 64. Is z composite?
False
Let o = -8 + -12. Is (-439)/(-4) + 15/o prime?
True
Suppose 889 = 3*w - 2*w. Is w a composite number?
True
Let z = 225 + 492. Is z a composite number?
True
Suppose 879 = 4*f - 3*p - 573, 2*p + 728 = 2*f. Suppose 4*t - 484 - f = 0. Is t a composite number?
False
Let v(z) = z**3 + 19*z**2 - 11*z + 5. Let a be v(-18). Let q = a - 310. Is q composite?
True
Let d(z) = -273*z - 4. Is d(-1) a prime number?
True
Suppose -5*v + 0*v + 1035 = 0. Suppose -4*m + v = -m. Let f = -46 + m. Is f prime?
True
Let c(b) = 87*b**2 + 15*b + 59. Is c(-13) a prime number?
False
Suppose -8 = -0*p - p + 3*y, 3*p + 32 = -5*y. Let j(r) = -r**3 - 4*r**2 - r - 2. Let h be j(p). Is h/((-3)/27*-3) a prime number?
False
Suppose -66 + 888 = -2*f. Is f/(-12) + 1/(-4) composite?
True
Let m = -3 + 6. Suppose -3*v + 366 = m*k, -k - v = -3*k + 235. Is k prime?
False
Suppose 16 = 4*c, -6*c = 5*r - 3*c + 103. Let p = r - -15. Let f = 45 + p. Is f a composite number?
False
Let q = 14 + -7. Is 1*152 - (q + -4) a composite number?
False
Suppose -1417 + 523 = 3*g. Is 2/(1 - (-294)/g) a prime number?
True
Let r be (-476)/(-12) - 2/(-6). Suppose u - 5*u + r = 0. Is u composite?
True
Let z(m) be the second derivative of m**3/6 + 49*m**2/2 + m. Suppose -2*v - 15 = -4*f + v, 5*v + 25 = 2*f. Is z(f) prime?
False
Let n(m) be the third derivative of -m**4/4 + m**3/6 - 2*m**2. Is n(-5) a composite number?
False
Let b(x) = -29*x - 29. Is b(-12) prime?
False
Let t = -66 + 175. Is t prime?
True
Let p(o) = 23*o - 7. Is p(6) a prime number?
True
Suppose -5*a + 1 = 4*b, 2*b + a + 1 = -0*a. Let c = -3 + b. Let m = 117 - c. Is m a composite number?
True
Is ((-2)/4)/((-2)/1316) prime?
False
Let g = 1807 + 232. Is g a prime number?
True
Suppose 4*f - 3*p = 0, 2*f - 1 = p + 1. Suppose -21 = f*n - 0*n. Is -4*6/8*n composite?
True
Is (2 + -3)/(1/(-1543)) prime?
True
Suppose 3*k - 4*d - 1192 = -k, 3*k - 900 = 5*d. Is k prime?
False
Is (-6)/(-14) - 93320/(-140) composite?
True
Suppose -k + 487 - 14 = 0. Is k composite?
True
Let q be 45/(-6) - 1/2. Let l be 1 + q + 2 + 0. Let u = -2 - l. Is u a composite number?
False
Suppose -3*d = -3*i - 848 - 43, 0 = d + 3*i - 289. Is d a p